ime factors of ((-15)/f)/(38/(-1748)).
3, 5, 23
Let g = 42 + -38. Suppose 0 = -8*h + g + 12. Suppose 253 = h*t + 9. What are the prime factors of t?
2, 61
Let g(s) = -s**2 - 167*s - 68. What are the prime factors of g(-80)?
2, 1723
Let r(b) = 251*b**2 + 252*b - 2706. List the prime factors of r(11).
11, 2767
Let i(t) = -9*t**3 - 3*t**2 + 13*t - 85. What are the prime factors of i(-16)?
35803
Let r(z) be the first derivative of -z**3/3 + 41*z**2/2 + 189*z - 107. List the prime factors of r(41).
3, 7
Let q(p) = 641*p - 6581. List the prime factors of q(27).
2, 31, 173
Let l = 12615 + -7854. What are the prime factors of l?
3, 23
Suppose -16 = -4*n, 0 = 3*p - 136*n + 138*n - 7610. List the prime factors of p.
2, 7, 181
List the prime factors of 29/(6 - ((-79112)/(-1200))/11).
2, 3, 5, 29
Let s(a) = -a**2 + 18*a. Let r be s(18). Suppose -4*t + h = -2*t - 1817, -3*t - 2*h + 2715 = r. What are the prime factors of t?
907
Suppose 0 = 4*j + 2*k + k + 190, -2*k = -5*j - 249. Let z = -47 - j. Suppose -2*h = -4*l + 262, -3*h = -z*l - 7*h + 106. What are the prime factors of l?
3, 7
Let f(p) = -2*p - 22. Let s be f(-8). List the prime factors of (0 + -1)/(s/3234).
7, 11
Suppose 0 = g - 2102 + 718. What are the prime factors of (g/(-2))/((-4 - 0)/4)?
2, 173
Suppose 2*j = 7*j - 2*q + 20, -3*j - 4*q = -14. Let p be 4 + (-5 - j) - 156. Let h = p - -272. What are the prime factors of h?
3, 13
Let t(p) = -p**3 + 7*p**2 - p. Let k be t(3). Let m = 32 - k. Let d = m - -17. What are the prime factors of d?
2
Let x be 10/4 + (-1)/2. Let i(t) = -144 + 36*t - 148 - 145 + 440. What are the prime factors of i(x)?
3, 5
Let i(x) = 13*x - 32. Let z be (-16)/(-6) - -6*8/36. Let q(s) = 12*s - 31. Let y(h) = z*i(h) - 5*q(h). What are the prime factors of y(3)?
3
Let i(o) = -2*o**2 - 42*o. Let x(g) = g**2 + 21*g. Let z(t) = -6*i(t) - 11*x(t). Let y be z(-21). Suppose 2*b - 8*b + 720 = y. List the prime factors of b.
2, 3, 5
Suppose 19*k + 3*k + 6402 = 0. Let v = k + 338. What are the prime factors of v?
47
Suppose 1813 + 590 = 9*o. Let h(y) = y**3 - 4*y**2 - 2*y - 11. Let c be h(5). Suppose -c*m + o = -m. List the prime factors of m.
89
Let y be 3551/603 + (-1)/(-9). Let j(k) = 17*k**2 - 6*k + 6. What are the prime factors of j(y)?
2, 3, 97
Let s(i) = -4*i - 82. Let w be s(-25). Suppose -5*a - 4*t = t - 10, t = 3*a - w. List the prime factors of -15*a*(-6 + 1 - -4).
3, 5
Suppose -2*k + 4284 = r + 1250, -3*r + 9134 = 2*k. List the prime factors of r.
2, 5, 61
Suppose -2*g = 3*u - 932, -4*u + 1377 = -2*g + 153. Let w = 10 + u. Suppose -5*f + 408 = 3*x, f + w + 90 = 3*x. What are the prime factors of x?
2, 17
Let i = -9722 - -15461. List the prime factors of i.
3, 1913
Suppose -q = 0, -227*i + 222*i = -3*q - 270150. What are the prime factors of i?
2, 3, 5, 1801
Suppose 1141 + 3089 = 5*h. Suppose -224 = 2*k - h. What are the prime factors of k?
311
Suppose 5*n + 5*w - 6720 = 0, -54*n - 3*w = -56*n + 2693. List the prime factors of n.
5, 269
List the prime factors of 2/(-3)*583869/(-286).
1361
Let m = 18716 - 12373. What are the prime factors of m?
6343
Let i(j) = 3*j**3 - 18 - 3*j**3 - j**3 - 7*j**2 - 13*j + 9. Let r be i(-5). Suppose -r*o + o = t - 510, 5*o = 4*t + 535. List the prime factors of o.
103
Let f(l) = -64*l + 55. Let v be f(6). Let n = v - -586. What are the prime factors of n?
257
Suppose -6*m + m + 80 = 0. Let b(o) = 4*o - 47. Let v be b(m). Suppose -18*p + v*p + 184 = 0. What are the prime factors of p?
2, 23
Suppose 0*f + 5*g = 2*f + 19, 3*g - 27 = -4*f. Suppose r - 105 = -x + 2*r, 207 = 2*x - f*r. List the prime factors of x.
2, 3
What are the prime factors of 51575/(-20)*(-13 + -14 + 3)?
2, 3, 5, 2063
What are the prime factors of (7/49)/((-34)/(-3315578))?
13931
Let o(t) = 5*t**3 - 19*t**2 - 6*t - 6. Let f be o(15). Suppose -122*m + 130*m - f = 0. List the prime factors of m.
3, 521
What are the prime factors of (-2)/9 + (-132059)/(-9) + (-120 - -121)?
2, 11, 23, 29
Let n(c) = c**3 - 16*c**2 + 75*c + 16. Let p be n(10). Suppose b + 4*v = 1150, 3*b + 2*v = -p + 3636. List the prime factors of b.
2, 3, 193
Let b = -692 + 775. Suppose -5*a - 5*r = -565, a + 0*r - 5*r - b = 0. What are the prime factors of a?
2, 3
Let m(w) = -26*w + 1. Let j be m(-5). Suppose -11 = -a + j. List the prime factors of a.
2, 71
Suppose -19*u + 243142 + 88616 = 44*u. What are the prime factors of u?
2, 2633
Let n = 58 + -34. Suppose 4*l = 3*l - n. List the prime factors of -2*(-284)/l*-6.
2, 71
Suppose -2*c - 15 = -4*b + 7, -5*b - c = -31. Let r be 81/15 - b/15. Suppose -3*t + 0*t - r*z + 92 = 0, -t + 4*z = -59. What are the prime factors of t?
3, 13
Suppose -2*j - m = -36 - 27, 3*j = 4*m + 78. Suppose 4*h - j = 5*n - 408, 0 = -3*n - 2*h + 218. What are the prime factors of n?
2, 37
Let a = -1034 - -1093. Let c = 5 + -3. Suppose a = 4*w + y - 159, 5*w + c*y = 271. List the prime factors of w.
5, 11
Let h be -3 + 1 + (-4 - -6) + 499. Let s = h - 308. List the prime factors of s.
191
Let s be 1512/(-210)*(-10)/(-4). What are the prime factors of 1/(-3) + (-13398)/s?
2, 3, 31
Let c(z) = -275*z + 6764. What are the prime factors of c(22)?
2, 3, 7, 17
Let r = -18627 + 48985. List the prime factors of r.
2, 43, 353
Let w(i) = 3*i - 29. Let o be w(-7). Let x = -45 - o. What are the prime factors of (x/(-20) + 1)*180?
3, 5
Let g = -1789 + 1894. Let h = -130 - -195. Let i = g - h. List the prime factors of i.
2, 5
Let b(k) = 3*k - 54. Let n be b(0). Let j = n + 57. Suppose -4*m - j*r = -402, -2*r - 312 = -3*m + r. List the prime factors of m.
2, 3, 17
List the prime factors of (-380562)/(-78) + (-5)/(-1).
2, 3, 11, 37
Suppose 3*l - 6487 = 8*d - 6*d, 0 = -5*l + 5*d + 10820. List the prime factors of l.
17, 127
Suppose 5*a + 2*p + 8 = 0, 5*p = -5*a - 14 - 6. What are the prime factors of (a/(-6) + 1)*395?
5, 79
Let c(h) = h + 2. Let j be c(-2). Suppose 20*r - 19*r = j. Let f(d) = d**2 + 3*d + 56. What are the prime factors of f(r)?
2, 7
Let v = -52 + 51. Let y be 642 + v/3*0. What are the prime factors of (y/(-9))/(14/(-21))?
107
Suppose 0 = 3*g - 0*g. Suppose 0 = 2*k - 2*p - 12, p + 21 = 4*k - g*k. Suppose 4*t = n - 9, -6*t + 9*t + 45 = k*n. What are the prime factors of n?
3
List the prime factors of (-10 - (-16)/3)*(-577 + 4).
2, 7, 191
Let l(o) = -2*o + 107. Let y be l(22). What are the prime factors of (y/12)/(2 - 1075/540)?
3, 7
Let v = 519 - -208. Let i = v + -300. What are the prime factors of i?
7, 61
Suppose -69486 = -5*a - 4*t, 0 = -a + 38*t - 43*t + 13893. List the prime factors of a.
2, 6949
Suppose -18*n + 29 = 281. Let v(u) = u**3 + 18*u**2 + 29*u - 59. What are the prime factors of v(n)?
11, 29
Let y(w) = -73*w - 37. Let c be y(-10). What are the prime factors of c/(-3)*(-3)/(-12)*-4?
3, 7, 11
List the prime factors of -357*6*(-9)/(-6)*-11.
3, 7, 11, 17
Suppose -289 = -8*o + 279. Let i = o - -128. List the prime factors of i.
199
Let a(q) = 2*q**2 - 803*q + 603. What are the prime factors of a(-86)?
3, 28151
Suppose 27*g = 30*g - 15. Let m = 8 - g. What are the prime factors of ((-87)/(-12))/(m/12)?
29
Suppose -5*n = -2*q - 940 + 297, n + 5*q - 134 = 0. List the prime factors of n*(5 + (-33)/(-9)) + 0.
2, 13, 43
Let d(t) = -33*t - 11. Let z(n) = -166*n - 54. Let o(u) = -11*d(u) + 2*z(u). What are the prime factors of o(12)?
5, 7, 11
Let p(h) = -1224*h - 13108. What are the prime factors of p(-29)?
2, 29, 193
Suppose -162812 = -55*p + 701238. List the prime factors of p.
2, 5, 1571
Let q(d) = -d**2 + 7*d + 15. Let l be q(9). Let m be 2913/9 - 1/l. Suppose m = 9*k - 162. What are the prime factors of k?
2, 3
Suppose -5*u + 55 = 2*z, 6*z - 4*z - u - 49 = 0. Let w(p) = -2*p**3 + 50*p**2 + 15*p - 42. What are the prime factors of w(z)?
3, 37
Suppose -5*q + 154 = 204. What are the prime factors of 285880/175 - 4/q?
2, 19, 43
Let u(m) = 6*m**2 + 643*m + 1562. What are the prime factors of u(-157)?
5, 89, 109
Let d(a) = 182*a + 4172. What are the prime factors of d(0)?
2, 7, 149
Let s = -407 - -482. List the prime factors of ((-240)/s)/(2/80*-2).
2
Let n = 110486 - 64752. List the prime factors of n.
2, 13, 1759
Suppose 185*a = 177*a + 292520. What are the prime factors of a?
5, 71, 103
List the prime factors of ((-324)/(-540))/((-1)/(-8350)).
2, 3, 5, 167
Suppose 3*r + 2*r = -75. L